{"id":20,"date":"2018-06-19T16:31:19","date_gmt":"2018-06-19T16:31:19","guid":{"rendered":"http:\/\/enfant.com.mx\/?page_id=20"},"modified":"2019-11-05T18:50:57","modified_gmt":"2019-11-05T18:50:57","slug":"contactanos","status":"publish","type":"page","link":"http:\/\/enfant.com.mx\/?page_id=20","title":{"rendered":"CONT\u00c1CTANOS"},"content":{"rendered":"<p>[vc_row][vc_column width=&#8221;1\/2&#8243;]<h1 class=\"headline font-inherit fontsize-xl fontweight-700 lh-inherit align-center transform-inherit \" style=\"margin: 0 0 20px 0; color: #271fc1;\">CENTROS DE INFORMACI\u00d3N <\/h1>[\/vc_column][\/vc_row][vc_row][vc_column width=&#8221;1\/2&#8243;]<h1 class=\"headline font-inherit fontsize-m fontweight-600 lh-inherit align-center transform-inherit \" style=\"margin: 0 0 20px 0; color: #dd3333;\">ENFANT ITZIMNA<\/h1><a href=\"http:\/\/\" target=\"_self\" class=\"catimage wpb_content_element color-light\" style=\"height: 300px;;\">\n\t\t\t<span style=\"background-image: url(http:\/\/enfant.com.mx\/wp-content\/uploads\/2018\/06\/Sin-t\u00edtulo.png); height: 300px;;\"><\/span>\n\t\t\t<div class=\"catimage-overlay clearfix\" style=\"height: 300px;;\">\n\t\t\t\t<div class=\"catimage-text\"><\/div>\n\t\t\t<\/div><\/a>[vc_column_text]<\/p>\n<p style=\"text-align: left;\"><strong>Direcci\u00f3n<\/strong>: Calle 8 #103\u00a0 Col. Itzimn\u00e1 , M\u00e9rida Yucat\u00e1n<\/p>\n<p style=\"text-align: left;\"><strong>Tel\u00e9fono<\/strong>: 927-27-10 0 al\u00a0 927-27-11<\/p>\n<p style=\"text-align: left;\"><strong>Whatsapp:\u00a0<\/strong>9999688004<\/p>\n<p><strong>Horarios de atenci\u00f3n:<\/strong><\/p>\n<p style=\"text-align: left;\">&#8211; Lunes a viernes: de 7:00 am a 5:00 pm<\/p>\n<p>[\/vc_column_text][vc_column_text]<iframe loading=\"lazy\" style=\"border: 0;\" src=\"https:\/\/www.google.com\/maps\/embed?pb=!1m18!1m12!1m3!1d3725.048250702178!2d-89.60810578549605!3d20.990702886018994!2m3!1f0!2f0!3f0!3m2!1i1024!2i768!4f13.1!3m3!1m2!1s0x8f567136190e7605%3A0x6c3a08e287ea8e34!2sEnfant!5e0!3m2!1ses-419!2smx!4v1530132648490\" width=\"400\" height=\"300\" frameborder=\"0\" allowfullscreen=\"allowfullscreen\"><\/iframe>[\/vc_column_text][\/vc_column][vc_column width=&#8221;1\/2&#8243;]<h1 class=\"headline font-inherit fontsize-m fontweight-600 lh-inherit align-center transform-inherit \" style=\"margin: 0 0 20px 0; color: #dd0000;\">ENFANT CAUCEL<\/h1><a href=\"http:\/\/\" target=\"_self\" class=\"catimage wpb_content_element color-light\" style=\"height: 300px;;\">\n\t\t\t<span style=\"background-image: url(http:\/\/enfant.com.mx\/wp-content\/uploads\/2018\/09\/WhatsApp-Image-2018-09-18-at-17.02.54.jpeg); height: 300px;;\"><\/span>\n\t\t\t<div class=\"catimage-overlay clearfix\" style=\"height: 300px;;\">\n\t\t\t\t<div class=\"catimage-text\"><\/div>\n\t\t\t<\/div><\/a>[vc_column_text]<strong>Direcci\u00f3n: <\/strong>Calle 59 #827 por 106 y 106 a, Fracc. Cd Caucel.<\/p>\n<p><strong>Tel\u00e9fono<\/strong>: 565-10-98 o al 565-10-99<\/p>\n<p><strong>Whatsapp:<\/strong>\u00a09999491429<\/p>\n<p><strong>Horarios de atenci\u00f3n:<\/strong><\/p>\n<p style=\"text-align: left;\"><strong>&#8211;\u00a0<\/strong>Lunes a viernes: de 7:00 am a 5:00 pm<\/p>\n<p>[\/vc_column_text][vc_column_text]<iframe loading=\"lazy\" style=\"border: 0;\" src=\"https:\/\/www.google.com\/maps\/embed?pb=!1m18!1m12!1m3!1d3724.823221989659!2d-89.72003908549584!3d20.999722186014118!2m3!1f0!2f0!3f0!3m2!1i1024!2i768!4f13.1!3m3!1m2!1s0x8f560b2bfb8aedd3%3A0x7f66e45b0ede6e35!2sEnfant+Caucel!5e0!3m2!1ses-419!2smx!4v1537313972010\" width=\"400\" height=\"300\" frameborder=\"0\" allowfullscreen=\"allowfullscreen\"><\/iframe>[\/vc_column_text][\/vc_column][\/vc_row]<\/p>\n<!-- AddThis Advanced Settings generic via filter on the_content --><!-- AddThis Share Buttons generic via filter on the_content -->","protected":false},"excerpt":{"rendered":"<p>[vc_row][vc_column width=&#8221;1\/2&#8243;][\/vc_column][\/vc_row][vc_row][vc_column width=&#8221;1\/2&#8243;][vc_column_text] Direcci\u00f3n: Calle 8 #103\u00a0 Col. Itzimn\u00e1 , M\u00e9rida Yucat\u00e1n Tel\u00e9fono: 927-27-10 0 al\u00a0 927-27-11 Whatsapp:\u00a09999688004 Horarios de atenci\u00f3n: &#8211; Lunes a viernes: de 7:00 am a 5:00 pm [\/vc_column_text][vc_column_text][\/vc_column_text][\/vc_column][vc_column width=&#8221;1\/2&#8243;][vc_column_text]Direcci\u00f3n: Calle 59 #827 por 106 y 106 a, Fracc. Cd Caucel. Tel\u00e9fono: 565-10-98 o al 565-10-99 Whatsapp:\u00a09999491429 Horarios de atenci\u00f3n: &#8211;\u00a0Lunes a viernes: de 7:00 am a 5:00 pm [\/vc_column_text][vc_column_text][\/vc_column_text][\/vc_column][\/vc_row]<!-- AddThis Advanced Settings generic via filter on get_the_excerpt --><!-- AddThis Share Buttons generic via filter on get_the_excerpt --><\/p>\n","protected":false},"author":1,"featured_media":0,"parent":0,"menu_order":0,"comment_status":"closed","ping_status":"closed","template":"","meta":[],"_links":{"self":[{"href":"http:\/\/enfant.com.mx\/index.php?rest_route=\/wp\/v2\/pages\/20"}],"collection":[{"href":"http:\/\/enfant.com.mx\/index.php?rest_route=\/wp\/v2\/pages"}],"about":[{"href":"http:\/\/enfant.com.mx\/index.php?rest_route=\/wp\/v2\/types\/page"}],"author":[{"embeddable":true,"href":"http:\/\/enfant.com.mx\/index.php?rest_route=\/wp\/v2\/users\/1"}],"replies":[{"embeddable":true,"href":"http:\/\/enfant.com.mx\/index.php?rest_route=%2Fwp%2Fv2%2Fcomments&post=20"}],"version-history":[{"count":11,"href":"http:\/\/enfant.com.mx\/index.php?rest_route=\/wp\/v2\/pages\/20\/revisions"}],"predecessor-version":[{"id":211,"href":"http:\/\/enfant.com.mx\/index.php?rest_route=\/wp\/v2\/pages\/20\/revisions\/211"}],"wp:attachment":[{"href":"http:\/\/enfant.com.mx\/index.php?rest_route=%2Fwp%2Fv2%2Fmedia&parent=20"}],"curies":[{"name":"wp","href":"https:\/\/api.w.org\/{rel}","templated":true}]}}

CONTÁCTANOS

<p>[vc_row][vc_column width=&#8221;1/2&#8243;]<h1 class="headline font-inherit fontsize-xl fontweight-700 lh-inherit align-center transform-inherit " style="margin: 0 0 20px 0; color: #271fc1;">CENTROS DE INFORMACIÓN </h1>[/vc_column][/vc_row][vc_row][vc_column width=&#8221;1/2&#8243;]<h1 class="headline font-inherit fontsize-m fontweight-600 lh-inherit align-center transform-inherit " style="margin: 0 0 20px 0; color: #dd3333;">ENFANT ITZIMNA</h1><a href="http://" target="_self" class="catimage wpb_content_element color-light" style="height: 300px;;">
			<span style="background-image: url(http://enfant.com.mx/wp-content/uploads/2018/06/Sin-título.png); height: 300px;;"></span>
			<div class="catimage-overlay clearfix" style="height: 300px;;">
				<div class="catimage-text"></div>
			</div></a>[vc_column_text]</p>
<p style="text-align: left;"><strong>Dirección</strong>: Calle 8 #103  Col. Itzimná , Mérida Yucatán</p>
<p style="text-align: left;"><strong>Teléfono</strong>: 927-27-10 0 al  927-27-11</p>
<p style="text-align: left;"><strong>Whatsapp: </strong>9999688004</p>
<p><strong>Horarios de atención:</strong></p>
<p style="text-align: left;">&#8211; Lunes a viernes: de 7:00 am a 5:00 pm</p>
<p>[/vc_column_text][vc_column_text]<iframe loading="lazy" style="border: 0;" src="https://www.google.com/maps/embed?pb=!1m18!1m12!1m3!1d3725.048250702178!2d-89.60810578549605!3d20.990702886018994!2m3!1f0!2f0!3f0!3m2!1i1024!2i768!4f13.1!3m3!1m2!1s0x8f567136190e7605%3A0x6c3a08e287ea8e34!2sEnfant!5e0!3m2!1ses-419!2smx!4v1530132648490" width="400" height="300" frameborder="0" allowfullscreen="allowfullscreen"></iframe>[/vc_column_text][/vc_column][vc_column width=&#8221;1/2&#8243;]<h1 class="headline font-inherit fontsize-m fontweight-600 lh-inherit align-center transform-inherit " style="margin: 0 0 20px 0; color: #dd0000;">ENFANT CAUCEL</h1><a href="http://" target="_self" class="catimage wpb_content_element color-light" style="height: 300px;;">
			<span style="background-image: url(http://enfant.com.mx/wp-content/uploads/2018/09/WhatsApp-Image-2018-09-18-at-17.02.54.jpeg); height: 300px;;"></span>
			<div class="catimage-overlay clearfix" style="height: 300px;;">
				<div class="catimage-text"></div>
			</div></a>[vc_column_text]<strong>Dirección: </strong>Calle 59 #827 por 106 y 106 a, Fracc. Cd Caucel.</p>
<p><strong>Teléfono</strong>: 565-10-98 o al 565-10-99</p>
<p><strong>Whatsapp:</strong> 9999491429</p>
<p><strong>Horarios de atención:</strong></p>
<p style="text-align: left;"><strong>&#8211; </strong>Lunes a viernes: de 7:00 am a 5:00 pm</p>
<p>[/vc_column_text][vc_column_text]<iframe loading="lazy" style="border: 0;" src="https://www.google.com/maps/embed?pb=!1m18!1m12!1m3!1d3724.823221989659!2d-89.72003908549584!3d20.999722186014118!2m3!1f0!2f0!3f0!3m2!1i1024!2i768!4f13.1!3m3!1m2!1s0x8f560b2bfb8aedd3%3A0x7f66e45b0ede6e35!2sEnfant+Caucel!5e0!3m2!1ses-419!2smx!4v1537313972010" width="400" height="300" frameborder="0" allowfullscreen="allowfullscreen"></iframe>[/vc_column_text][/vc_column][/vc_row]</p>
<!-- AddThis Advanced Settings generic via filter on the_content --><!-- AddThis Share Buttons generic via filter on the_content -->

<p>[vc_row][vc_column width=&#8221;1/2&#8243;][/vc_column][/vc_row][vc_row][vc_column width=&#8221;1/2&#8243;][vc_column_text] Dirección: Calle 8 #103  Col. Itzimná , Mérida Yucatán Teléfono: 927-27-10 0 al  927-27-11 Whatsapp: 9999688004 Horarios de atención: &#8211; Lunes a viernes: de 7:00 am a 5:00 pm [/vc_column_text][vc_column_text][/vc_column_text][/vc_column][vc_column width=&#8221;1/2&#8243;][vc_column_text]Dirección: Calle 59 #827 por 106 y 106 a, Fracc. Cd Caucel. Teléfono: 565-10-98 o al 565-10-99 Whatsapp: 9999491429 Horarios de atención: &#8211; Lunes a viernes: de 7:00 am a 5:00 pm [/vc_column_text][vc_column_text][/vc_column_text][/vc_column][/vc_row]<!-- AddThis Advanced Settings generic via filter on get_the_excerpt --><!-- AddThis Share Buttons generic via filter on get_the_excerpt --></p>
